116).
13
Let q(b) = b**2 - 168*b + 5429. Determine q(45).
-106
Let q(x) = 248*x + 33470. Determine q(-135).
-10
Let s(j) = 1259*j + 259352. Give s(-206).
-2
Let n(y) = 19*y**2 + 2466*y - 498. Calculate n(-130).
22
Let l(n) = 13*n**3 + 10*n**2 + 252*n - 549. Determine l(2).
99
Let f(t) = -223*t - 73832. Determine f(-330).
-242
Let a(c) = -2*c**2 - 716*c + 82809. Give a(-450).
9
Let n(m) = -143*m**3 - 356*m**2 - 361*m - 4. Determine n(-1).
144
Let c(m) = m**3 - 2*m**2 + 3874*m + 11651. Calculate c(-3).
-16
Let f(w) = 4*w**2 - 521*w - 61646. Calculate f(-75).
-71
Let q(v) = -8620*v + 43088. What is q(5)?
-12
Let k(g) = -3*g**2 + 21614*g + 303154. Determine k(-14).
-30
Let o(p) = 7292*p + 29401. Calculate o(-4).
233
Let d(c) = -c**2 - 122*c + 327105. What is d(-636)?
201
Let d(g) = g**3 + 751*g**2 - 55694*g + 128. What is d(68)?
-8
Let b(v) = 1037*v + 4717. Determine b(-5).
-468
Let q(y) = y**2 - 1047*y - 14879. Determine q(-14).
-25
Let l(a) = -8*a**3 - 19*a**2 + 10335*a + 20665. Determine l(-2).
-17
Let r(h) = 711*h - 50371. What is r(71)?
110
Let w(v) = 707*v**3 + 28987*v**2 + 3*v + 119. What is w(-41)?
-4
Let k(b) = -716*b**2 - 150362*b - 473. Give k(-210).
-53
Let g(y) = -1798*y**2 - 345254*y - 7291. Calculate g(-192).
5
Let b(j) = 6492*j + 1369804. Calculate b(-211).
-8
Let n(h) = -863*h + 18021. Determine n(21).
-102
Let s(y) = 3*y**2 + 11004*y + 175298. Give s(-16).
2
Let j(h) = h**3 - 56501*h**2 - h + 5. Determine j(0).
5
Let z(k) = -360007*k + 2159794. Give z(6).
-248
Let q(b) = -b**3 - 3*b**2 + 59*b + 47. What is q(13)?
-1890
Let m(p) = -21*p**3 - 342*p**2 + 47*p + 22. Calculate m(-16).
-2266
Let n(p) = -625*p + 8043. Determine n(14).
-707
Let s(a) = 4*a**3 + 5*a**2 + 35*a + 185. What is s(-6)?
-709
Let n(g) = -457*g - 32427. Determine n(-71).
20
Let j(l) = 4*l**2 - 137*l + 456. Determine j(27).
-327
Let o(i) = 39747*i - 1907955. What is o(48)?
-99
Let w(y) = 9944*y - 89343. Determine w(9).
153
Let r(x) = 55*x**2 + 9206*x - 662. Give r(-167).
-4169
Let w(s) = 685*s - 65056. Determine w(95).
19
Let j(m) = -872*m - 92322. Give j(-95).
-9482
Let x(v) = -65*v**2 - 7604*v - 1063. Give x(-117).
-1180
Let g(d) = 6*d**3 - 62*d**2 + 180*d - 13. Calculate g(4).
99
Let s(a) = -a**3 + 297*a**2 - 1180*a + 261656. What is s(296)?
-8
Let z(g) = -2*g**2 + 190*g - 201. Calculate z(89).
867
Let h(n) = n**3 - 12*n**2 - 3804*n + 49230. What is h(13)?
-53
Let k(b) = 69*b**3 + 2*b**2 - 59*b - 120. Determine k(-2).
-546
Let d(t) = -3*t**2 + 18081*t + 801365. Determine d(-44).
-7
Let t(k) = k**3 + 122*k**2 + 363*k + 748. Give t(-119).
34
Let g(n) = -3854*n**2 + 15406*n + 30. Give g(4).
-10
Let m(w) = -2051845*w - 6. Calculate m(0).
-6
Let g(w) = 3566*w - 606124. Determine g(170).
96
Let c(r) = 17*r**2 - 1202*r - 6503. What is c(-5)?
-68
Let b(t) = -3*t**3 - 447*t**2 + 902*t - 573. Determine b(-151).
31
Let p(d) = -14372*d + 43134. Determine p(3).
18
Let i(t) = -26*t**3 + 326*t - 325. Calculate i(1).
-25
Let u(m) = -2*m**2 + 647*m - 11549. Determine u(19).
22
Let z(b) = 2263*b - 179185. What is z(79)?
-408
Let q(o) = -5*o**2 + 9002*o + 45135. Give q(-5).
0
Let f(j) = -17473*j - 9. What is f(0)?
-9
Let r(i) = -2*i**3 + 281*i**2 + 704*i - 259. Determine r(143).
-1832
Let s(t) = 5*t**2 - 914*t + 4279. Give s(176).
-1705
Let b(h) = 2027*h - 7729. What is b(4)?
379
Let c(t) = -30900*t - 1823100. Give c(-59).
0
Let n(b) = -8983*b + 8991. Give n(1).
8
Let f(j) = 136*j + 19168. Give f(-141).
-8
Let t(c) = 319*c**2 - 2532*c - 7. Determine t(8).
153
Let a(v) = -24*v**2 + 2182*v + 35. Give a(91).
-147
Let l(o) = 3*o**3 + 27*o**2 + 285*o + 2622. Calculate l(-9).
57
Let p(o) = o**3 + 244*o**2 + 1437*o + 44. Give p(-6).
-10
Let t(a) = a**3 - a**2 + 153195*a - 306391. Determine t(2).
3
Let w(v) = 3*v**3 - 41*v**2 + 26*v + 84. What is w(15)?
1374
Let b(z) = -13*z**3 - 116*z**2 - 75*z + 167. Give b(-8).
-1
Let c(l) = 1812*l + 60005. What is c(-33)?
209
Let c(g) = -15517*g - 21615174. Calculate c(-1393).
7
Let d(b) = -755*b - 61176. What is d(-81)?
-21
Let p(h) = -12*h**3 - 149*h**2 - 107*h - 1252. Calculate p(-12).
-688
Let b(g) = -g**3 - 41*g**2 - 136*g - 2172. Calculate b(-39).
90
Let c(o) = 11*o**3 + 18*o**2 - 102*o - 491. What is c(-3)?
-320
Let j(c) = -c**3 - 38*c**2 + 355*c + 242. Calculate j(9).
-370
Let c(u) = -u**3 - 306*u**2 + 610*u + 35. What is c(2)?
23
Let n(u) = -3*u**3 - 24*u**2 - 530*u - 5004. Give n(-9).
9
Let w(m) = 19*m**2 + 83*m - 232. What is w(-8)?
320
Let j(x) = -20051127*x - 20051126. What is j(-1)?
1
Let v(t) = 2*t**3 - 45*t**2 - 223*t + 4584. Calculate v(23).
-16
Let h(i) = 261*i - 51149. Determine h(196).
7
Let v(t) = 9*t**3 - 253*t**2 - 437*t - 2199. Calculate v(30).
-9
Let z(c) = 2*c**3 - 66*c**2 - 466*c - 31. What is z(-5)?
399
Let d(g) = 3*g**2 + 28*g - 2785. What is d(-37)?
286
Let o(u) = -114*u**2 + 8688*u + 8690. Determine o(-1).
-112
Let l(t) = -3*t**2 - 832*t - 52. Determine l(0).
-52
Let t(i) = 359*i + 1907. What is t(-4)?
471
Let y(m) = -1206*m + 721422. Calculate y(598).
234
Let u(f) = f**3 - 68*f**2 + 2138*f - 109496. Determine u(62).
-4
Let k(m) = 8*m**3 - 61*m**2 + 15*m + 52. Give k(8).
364
Let p(g) = -25*g**2 - 339*g + 776. Calculate p(-15).
236
Let r(p) = 6*p**2 - 1088*p + 14339. Calculate r(167).
-23
Let w(g) = -195797*g + 4699130. What is w(24)?
2
Let d(b) = -8*b**2 - 1211*b - 7319. Determine d(-6).
-341
Let w(i) = 868*i**2 - 6864*i - 22. Calculate w(8).
618
Let i(l) = 5*l**2 - 249*l - 526. Determine i(-2).
-8
Let o(f) = 252100*f - 2268897. What is o(9)?
3
Let d(n) = n**3 - 31*n**2 - 3*n - 2847. Give d(34).
519
Let r(y) = -3*y**2 + 1465*y - 46359. Calculate r(34).
-17
Let d(m) = -m**2 - 222*m - 4233. Calculate d(-20).
-193
Let z(k) = 91302*k + 39716377. Determine z(-435).
7
Let r(n) = -n**3 + 19*n**2 + 398*n + 175. Give r(32).
-401
Let g(o) = -3475*o**2 + 20877*o + 23. Determine g(6).
185
Let p(f) = f**3 + 34*f**2 + 120*f - 24. Calculate p(-5).
101
Let b(o) = 3*o**2 - 214*o - 3554. Calculate b(-14).
30
Let f(y) = 339*y**2 - 98285*y - 7260. Give f(290).
-10
Let j(f) = -22*f**2 - 2413*f + 736. Calculate j(-110).
-34
Let c(b) = -80*b - 1868. Determine c(-22).
-108
Let b(v) = 2*v**2 + 31*v - 136. Give b(12).
524
Let r(a) = -77*a**2 - 32*a + 40. Give r(-1).
-5
Let o(p) = -3*p**3 - 670*p**2 - 1548*p - 264. Give o(-221).
-43
Let r(m) = -2283*m + 40867. Calculate r(18).
-227
Let a(o) = o**3 + 41*o**2 - 258*o - 461. Give a(-47).
-1589
Let f(y) = y**2 + 110*y + 1507. Calculate f(-13).
246
Let q(h) = 13718*h - 54583. Give q(4).
289
Let a(i) = 73*i**2 + 743*i - 725. Give a(-11).
-65
Let o(u) = 7*u**3 - 172*u**2 + 94*u - 3017. Give o(25).
1208
Let q(w) = -w**3 + 99*w**2 + 198*w + 359. Determine q(101).
-45
Let z(w) = 2097*w + 568286. Give z(-271).
-1
Let f(h) = -290080*h - 3771045. Determine f(-13).
-5
Let j(o) = -2*o**2 + 1154*o - 96893. What is j(102)?
7
Let w(y) = -3*y**2 + 4017*y + 148502. Give w(-36).
2
Let k(p) = 3*p**3 - 6*p**2 - 7945*p - 7944. Calculate k(-1).
-8
Let g(l) = 2*l**2 - 919*l + 16951. Give g(19).
212
Let a(b) = -8*b**2 - 1124*b - 1667. Calculate a(-139).
1
Let h(u) = u**3 + 669*u**2 - 6769*u + 58. Calculate h(10).
268
Let a(s) = 3*s**3 + 228*s**2 + 139*s - 6799. Give a(-75).
-349
Let m(o) = -o**2 + 132*o + 142479. Calculate m(449).
146
Let r(p) = p**3 + 1471*p**2 + 53060*p + 84. What is r(-37)?
10
Let t(p) = -17*p**2 - 4513*p + 159206. Give t(-297).
14
Let r(a) = -2*a**3 + 362*a**2 + 5045*a - 300. Give r(194).
-106
Let n(x) = 18280*x + 274197. Give n(-15).
-3
Let u(h) = 10199*h - 141178. Determine u(14).
1608
Let x(y) = 1283*y + 1011015. Give x(-788).
11
Let x(o) = -84*o - 14171. Determine x(-166).
-227
Let a(i) = -7*i**2 + 279*i - 3984. Calculate a(15).
-1374
Let u(k) = -22*k**2 - 127*k + 49. What is u(-6)?
19
Let j(n) = 4270*n - 209218. Calculate j(49).
12
Let v(m) = m**2 + 13074*m + 78424. Calculate v(-6).
16
Let b(z) = -21*z**2 + 2281*z - 5829. Give b(106).
1
Let s(v) = 15*v**2 - 8538*v - 17126. Give s(-2).
10
Let r(c) = -3*c**2 - 1097*c + 114919. Determine r(85).
-1
Let n(a) = -12425*a - 24817. Determine n(-2).
33
Let f(v) = -4*v**2 - 245*v + 69564. What is f(-166)?
10
Let z(n) = 125827*n + 880738. What is z(-7)?
-51
Let l(d) = d**2 + 204392*d - 3679372. Calculate l(18).
8
Let a(h) = -h**3 + 3*h**2 - 2480*h - 7. Ca